n base 13, what is 7ca - 15?
7b5
In base 14, what is 51 - 758b?
-753a
In base 11, what is 2 + 89746?
89748
In base 4, what is -1012 + -2322?
-10000
In base 15, what is -67 - 46?
-ad
In base 5, what is 40401243 + 1?
40401244
In base 11, what is 2175 - -30?
21a5
In base 10, what is 7087 + 1?
7088
In base 4, what is 1002 + -2133?
-1131
In base 6, what is -133 - -341?
204
In base 15, what is -4 - -29dcb?
29dc7
In base 11, what is 5 - -a214a?
a2154
In base 10, what is -7027 + 64?
-6963
In base 4, what is 110102 - -1100?
111202
In base 15, what is 23 - -1aa5?
1ac8
In base 5, what is -2142 + 44130?
41433
In base 12, what is -63912 - -2?
-63910
In base 8, what is -21735 - -117?
-21616
In base 15, what is -1 - -6294?
6293
In base 14, what is 222a + -68?
21a2
In base 16, what is -35bc8 - -4?
-35bc4
In base 7, what is -32102 - -4?
-32065
In base 7, what is -1 - 211262?
-211263
In base 5, what is 1312040 + 11?
1312101
In base 8, what is 42 + -536?
-474
In base 6, what is -3 - 204051?
-204054
In base 8, what is 5 + 30136?
30143
In base 11, what is 18 + -9740?
-9723
In base 9, what is 5 + 4146?
4152
In base 16, what is -2 - -1e93?
1e91
In base 3, what is -2 - -10010011?
10010002
In base 2, what is 11 + -11000011110000?
-11000011101101
In base 9, what is 14688 + 34?
14733
In base 6, what is -431204 - 23?
-431231
In base 13, what is -764 - 35?
-799
In base 7, what is -1 - -1110233?
1110232
In base 13, what is 4 + -237bc?
-237b8
In base 15, what is -1 + be00?
bdee
In base 9, what is 2082 + -2110?
-17
In base 6, what is -233201 + -1?
-233202
In base 14, what is 115a + c?
1168
In base 5, what is -10 + 1120243?
1120233
In base 4, what is -131212101 + 11?
-131212030
In base 9, what is -75 + -5735?
-5821
In base 12, what is 140 + -521?
-3a1
In base 5, what is 1 - 11310342?
-11310341
In base 3, what is 101101 - -110101?
211202
In base 15, what is -1c719 + 7?
-1c712
In base 3, what is 1002010 - -20101?
1022111
In base 2, what is -1111 + 10010001110011101?
10010001110001110
In base 8, what is 355 - -2054?
2431
In base 15, what is -244 + -10?
-254
In base 2, what is -100100 + 1011111011111111?
1011111011011011
In base 3, what is 10012 - 1210022211?
-1210012122
In base 9, what is 574667 + 6?
574674
In base 3, what is -101211200211 - 100?
-101211201011
In base 3, what is 2 - -12002001110?
12002001112
In base 14, what is 39 + b82?
bbb
In base 3, what is -121201 - 21022012?
-21220220
In base 2, what is -100100010 - 100000010?
-1000100100
In base 3, what is -11111120222 + -20?
-11111121012
In base 9, what is -5 - 2277258?
-2277264
In base 15, what is -5 + ca90?
ca8a
In base 16, what is -9c9 - -34?
-995
In base 15, what is 4 - 7b53?
-7b4e
In base 11, what is 452 + -680?
-229
In base 6, what is 4 - -201051?
201055
In base 2, what is -110 + 1110111000010?
1110110111100
In base 3, what is 12011 + -200000202?
-122211121
In base 8, what is 574041 - -31?
574072
In base 8, what is -15 - 6520?
-6535
In base 15, what is -2 + -1eda?
-1edc
In base 16, what is 30d7 + 4?
30db
In base 7, what is 16062466 - -1?
16062500
In base 12, what is -7 - 68886?
-68891
In base 3, what is 0 + -11021012220?
-11021012220
In base 11, what is -1 - -68203?
68202
In base 8, what is 545 - -553?
1320
In base 8, what is 11 - 24271?
-24260
In base 6, what is -3440003 + -5?
-3440012
In base 6, what is 5240321 + 3?
5240324
In base 14, what is -52d4 - -8?
-52ca
In base 7, what is -101660 - -2?
-101655
In base 3, what is -201 - 2200101121?
-2200102022
In base 12, what is -3 - -4491?
448a
In base 10, what is 18 + -7974?
-7956
In base 6, what is -1351350 + 35?
-1351311
In base 9, what is 37 + 412?
450
In base 2, what is 1110111100 + -10011010001?
-100010101
In base 13, what is 14 - 922?
-90b
In base 14, what is 0 + d232?
d232
In base 8, what is 215004 + 2?
215006
In base 6, what is -50 + 53110?
53020
In base 12, what is -27323 - -2?
-27321
In base 2, what is 1110011010 - -101?
1110011111
In base 8, what is -4 + 73651?
73645
In base 7, what is -2665 - -33?
-2632
In base 6, what is 42 - 2131?
-2045
In base 8, what is 20736 + 477?
21435
In base 7, what is -113 - 1566?
-2012
In base 8, what is -13400 - -154?
-13224
In base 11, what is 2442 + -11a?
2323
In base 16, what is -5 - 1837e5?
-1837ea
In base 3, what is 110202210 - 212?
110201221
In base 6, what is 152 - -1411?
2003
In base 15, what is -5 - -d300a?
d3005
In base 15, what is 1a7cb + -a?
1a7c1
In base 15, what is 5 - -67685?
6768a
In base 9, what is -5328 + 331?
-4887
In base 9, what is 130 + -8534?
-8404
In base 10, what is 957 + 35?
992
In base 9, what is -5 - 14315?
-14321
In base 11, what is -26559 + 0?
-26559
In base 8, what is 35114 + 6?
35122
In base 15, what is 2a - d4?
-a9
In base 3, what is -11201111011 + -10?
-11201111021
In base 12, what is -3285 - -578?
-2909
In base 6, what is -1022545 + 0?
-1022545
In base 7, what is 1362630 + -1?
1362626
In base 2, what is -10101000011011 + 11010011?
-10100101001000
In base 3, what is -2 + 1221001221?
1221001212
In base 15, what is -829b - c?
-82a8
In base 4, what is 2012 + 10?
2022
In base 9, what is 218 + 16224?
16443
In base 2, what is 11000010111 + -100100101?
10011110010
In base 10, what is 10 - -6757?
6767
In base 16, what is 4 - -82ca?
82ce
In base 4, what is 10 + -31021?
-31011
In base 5, what is 31 - -240320?
240401
In base 16, what is -5897 + 5?
-5892
In base 15, what is -3 + -300ca?
-300cd
In base 4, what is 312200 - 13010?
233130
In base 10, what is 64 - -6969?
7033
In base 9, what is -6877 + -2?
-6880
In base 8, what is 111622 + -3?
111617
In base 7, what is -113611 + -2?
-113613
In base 12, what is b + a297?
a2a6
In base 8, what is -3345316 + 2?
-3345314
In base 3, what is -2122 + -122200?
-202022
In base 15, what is c2 - -46e?
541
In base 9, what is -415540 + 18?
-415521
In base 3, what is 2012222121 - -1001?
2020000122
In base 6, what is -12412 + 20012?
3200
In base 6, what is 4 - -13054050?
13054054
In base 11, what is 2 + -5a07?
-5a05
In base 7, what is 322 + -46?
243
In base 14, what is -2 + -92a?
-92c
In base 14, what is 0 - -a7c?
a7c
In base 2, what is 100001111 + -11010101001?
-10110011010
In base 16, what is 67 - 11ba?
-1153
In base 4, what is 12011 - 12131?
-120
In base 11, what is 14 + -4a5?
-491
In base 11, what is 19 - -2629?
2647
In base 15, what is -10 - 297?
-2a7
In base 13, what is 16a67 + 2?
16a69
In base 3, what is 11 - -220120211200?
220120211211
In base 11, what is -a - -90659?
9064a
In base 5, what is -314 + 2?
-312
In base 7, what is -4 + 1346231?
1346224
In base 14, what is -9 + -cba?
-cc5
In base 16, what is 8b - -5c88?
5d13
In base 16, what is 53 - 1ac?
-159
In base 11, what is -37855 - -2?
-37853
In base 15, what is -3b26 + 13?
-3b13
In base 10, what is 3096 - -106?
3202
In base 8, what is -230 + 4606?
4356
In base 14, what is -37 + -76d?
-7a6
In base 9, what is -112757 + 5?
-112752
In base 15, what is -19b - 1351?
-14ec
In base 10, what is -282580 + -3?
-282583
In base 13, what is 118687 + 3?
11868a
In base 8, what is -1620550 + 3?
-1620545
In base 13, what is 1 + -653ca?
-653c9
In base 4, what is 1222021033 + 0?
1222021033
In base 16, what is -6 + -45d2?
-45d8
In base 15, what is -1daed - 4?
-1db02
In base 13, what is a6b - bc?
97c
In base 15, what is 47 - 1be01?
-1bda9
In base 16, what is -3 - -3ef2?
3eef
In base 11, what is 2 - -3a1938?
3a193a
In base 12, what is -3b3907 - 5?
-3b3910
In base 13, what is 65883 + 4?
65887
In base 5, what is -1 - -12111044?
12111043
In base 16, what is -4 + 6473?
646f
In base 16, what is -4 + 3281?
327d
In base 16, what is 6fe + 103?
801
In base 5, what is 201041401 - -11?
201041412
In base 16, what is a5 + 8df?
984
In base 12, what is 13 - -11696?
116a9
In base 13, what is 5 + 386c?
3874
In base 14, what is -4a31 + d9?
-4936
In base 5, what is -3 + 240242024?
240242021
In base 5, what is -204143 - 11?
-204204
In base 8, what is -7 - 71050?
-71057
In base 5, what is 2 + -2043410?
-2043403
In base 12, what is -4b - 7759?
-77a8
In base 9, what is 4526 + -7?
4518
In base 12, what is -3 + -5998?
-599b
In base 13, what is -23 + -14c8?
-151b
In base 11, what is -12 + -20?
-32
In base 16, what is -67f - 9b?
-71a
In base 15, what is 25 - ac8?
-aa3
In base 2, what is 1010111 - 100100100010?
-100011001011
In base 9, what is 23620 - -11?
23631
In 